/(-7).
2, 3, 3049
Let v be ((-9)/(-2))/(1/(15 - 3)). Suppose -v = -11*i + 5*i. Suppose -2*q + z + 91 = 0, 4*q - i*q - 4*z = -221. What are the prime factors of q?
3, 5
Let s = 216 - -313. Let o = s + -959. List the prime factors of (-3 - -4)/((-2)/o).
5, 43
Suppose -13*j + 60080 = 7*j. Suppose 0 = -2*h + v + j, 0 = -19*v + 14*v + 20. What are the prime factors of h?
2, 47
Let j(u) = -115*u**3 + 5*u**2 - 5*u. Let z be j(1). Let f = z - -864. What are the prime factors of f?
7, 107
Suppose 2*u - 5*o = -2*o + 20123, 3 = 3*o. What are the prime factors of u?
29, 347
Let h = 7507 - 4004. List the prime factors of h.
31, 113
Suppose -2*h + 85 = s, 0*h + 5*s - 110 = -3*h. Let u = h - 43. Suppose 0 = -5*a + a - 2*c + 622, -u*a = -c - 301. What are the prime factors of a?
3, 17
Suppose 78868 + 250716 = 9*t - 53816. What are the prime factors of t?
2, 3, 5, 71
Suppose -4*p = 4*c - 5808, -22*c + 19*c - 7236 = -5*p. What are the prime factors of p?
3, 7, 23
Suppose 10*j - 71886 = -3*r, -3*r - 13*j + 71838 = -11*j. What are the prime factors of r?
2, 11971
Suppose 0 = 5*z - 10, -23*z + 20*z = -3*g + 18879. What are the prime factors of g?
5, 1259
Let n(o) = 2*o**2 - 2*o + 3. Let m be n(-3). Suppose 0 = -q - 2*g + 1838, 0 = q - 22*g + m*g - 1826. What are the prime factors of q?
2, 13, 71
Let v = 28 - -40. Let h(x) = x + 1. Let p be h(-1). Suppose 2*g = -2*n - p*g + 38, -v = -2*n + 4*g. What are the prime factors of n?
2, 3
Suppose -3*x = 2*b - 67, 2*x + 0*b + 5*b = 30. Suppose x*w + 318 = 24*w. Let t = -211 - w. List the prime factors of t.
107
Suppose 13*n = 12*n + 2042 + 1428. List the prime factors of n.
2, 5, 347
Suppose -f - 4*l = 2*f + 15, -4*l - 8 = -4*f. Let a be f + -1*(2 + -3). Suppose -9*r - 5*r + 798 = a. List the prime factors of r.
3, 19
Suppose 22*w - 176 = 11*w. Suppose -w*v = 4*v - 14780. What are the prime factors of v?
739
Let t(k) = -4*k**2 + 17*k + 2. Let v(j) = -5*j**2 + 17*j + 1. Suppose 4*x = -5 - 7. Let m(n) = x*v(n) + 4*t(n). List the prime factors of m(14).
47
Let w be 0 + 198 - (-11 - -12). Suppose l + 5*r - w = 0, 5*l + 3*r = 470 + 603. Let g = l + -126. List the prime factors of g.
7, 13
Let p = -190 - -195. Suppose p*v - 5*x = 335, -17*v = -16*v - 5*x - 55. List the prime factors of v.
2, 5, 7
Let d be 9/(-9*(-4)/12). Suppose 5*r = d*s, -3*r + 14 + 10 = 3*s. Let z(a) = 3*a**3 - a**2 - a. What are the prime factors of z(r)?
3, 23
Suppose 72380 = 3*t + 25*t. Let q = -1723 + t. List the prime factors of q.
2, 431
Let g = -3826 + 3940. List the prime factors of g.
2, 3, 19
Let w be 6 + (4 - 0)/(-1). Suppose 4*t + 26 = 10, -w*s + 572 = 2*t. What are the prime factors of s?
2, 5, 29
Let d be 1 + (-6 - (4 - 11)). Let y = 163 - 83. Suppose 0 = -s + 3*n + y, -5*n + 12 = d. What are the prime factors of s?
2, 43
Let v be (-1 - 2 - -26) + -8 + 12. Suppose -40*b + v*b = -6617. What are the prime factors of b?
509
Let o be (2/(-2) + 6 + -4)/(-1). Let g(w) = -1344*w**3 - w**2 + 5*w + 6. List the prime factors of g(o).
2, 3, 7
Let a = -145 - -234. Let d = 34 + a. List the prime factors of d.
3, 41
Let u = 11 - 9. Suppose -17 = u*o - 25. Suppose -5*k = o*l + 39 - 251, l + 90 = 2*k. List the prime factors of k.
2, 11
Let b = -59 + 55. Let j be (-4)/b*((-4)/4)/(-1). What are the prime factors of (j + (-12)/(-6))/(2/50)?
3, 5
Suppose 0 = h - 2*h + 10*h. Suppose -4*n + 6*n = -5*w + 2916, h = -2*w + 3*n + 1174. What are the prime factors of w?
2, 73
What are the prime factors of 8/10 + (-1567728)/(-90)?
2, 5, 13, 67
Let d = -51301 + 94381. What are the prime factors of d?
2, 3, 5, 359
Let r = -329 - -498. Suppose -4 = 2*c, t - 385 - r = 4*c. List the prime factors of t.
2, 3, 7, 13
Let h(b) = -b**3 - 8*b**2 - 3*b + 4*b**2 + 7*b**3 + 7. Let j be h(3). Let g = j - 28. What are the prime factors of g?
2, 3
Suppose -2*k - 5*w + 6034 = 0, 3*k - 2*w - 4288 = 4687. List the prime factors of k.
3, 37
Let q = -47 + 315. Suppose 2*j - 591 = -2*s + j, -s + q = -5*j. What are the prime factors of s?
293
Let d be (-29 + 6)/((-7)/(-3) + -2). Let x = d + 72. Suppose 3*g - 97 = 5*i - 9*i, -72 = -x*i - 2*g. List the prime factors of i.
2, 11
Let k = 4214 - -21987. What are the prime factors of k?
7, 19, 197
Let m(n) = 436*n**2 - 134*n + 48. What are the prime factors of m(-6)?
2, 3, 7, 197
Let p = -550 + 153. Let g = p + 1298. What are the prime factors of g?
17, 53
Let r = -537 - -527. Let y be 2 + (1 - -19) - 2. Let c = r + y. What are the prime factors of c?
2, 5
Suppose -6*q - 5*q - 33 = 0. What are the prime factors of -1*(-271)/(-2 - q) + 5?
2, 3, 23
Let w = -46342 - -101361. List the prime factors of w.
37, 1487
Suppose -357506 - 524593 - 224565 = -104*m. List the prime factors of m.
3, 3547
Let w = -25 - -22. What are the prime factors of -1 + w*676/(-12)?
2, 3, 7
What are the prime factors of 1490*16*(((-160)/(-25))/(-4) - -2)?
2, 149
Suppose 33 = -3*t + 153. Suppose 0 = 4*w - 2*c - 4004, -43*w + t*w + 3014 = 4*c. List the prime factors of w.
2, 3, 167
Suppose -v + 27 = -4*y + 4, -5 = y. Suppose -2*j + 5*u = -442, -3*j - v*u - 2*u + 713 = 0. List the prime factors of j.
3, 7, 11
Suppose -5*m + 357 = p, -2*p + 14 + 52 = m. Let t be (14/(-8))/((-3)/m). Let c = t - -13. What are the prime factors of c?
5, 11
Suppose 0 = -6*s - s + 175. Let b = s + -12. Let r = b - -66. What are the prime factors of r?
79
Let f(p) = 415*p**3 + 6*p**2 + 3*p + 3. What are the prime factors of f(3)?
3, 13, 17
Let r(g) = 4*g**2 + 75*g + 56. Let x be r(-18). Let d(h) = -2 + 6*h + 8 - h. What are the prime factors of d(x)?
2
Suppose -11*o - 25800 = -41*o. Suppose 6*n - 70 = o. What are the prime factors of n?
5, 31
Let p be 120/(-15)*((-2)/(-8))/(-1). Let g(u) = 153*u + 7. List the prime factors of g(p).
313
Suppose -1051298 = -243*m + 11*m + 2035462. What are the prime factors of m?
3, 5, 887
Suppose 2*b = -10, -m + 18 = 7*b - 10*b. Suppose 4*i + 1128 = -4*y + 3456, m*i - 1738 = -5*y. List the prime factors of i.
2, 293
List the prime factors of ((-59163)/185 - 1/5)/((-4)/604).
2, 5, 151
Let s = -11676 - -26155. List the prime factors of s.
14479
Let v be 8*((-4)/(-8) + -2). List the prime factors of -124*(-3 - (-6)/v).
2, 7, 31
Suppose 15*y - 20*y = 5. What are the prime factors of (-70472)/(-46) + (1 - -2)*y?
11, 139
Let r(x) = 32*x + 22 + 31 + 17*x + 46*x. List the prime factors of r(4).
433
Let a(u) = -3*u - 50. Let n be a(-16). Let r be ((-2)/5 - n/5) + -11. Let i(m) = -m**3 - 12*m**2 - 20*m - 8. List the prime factors of i(r).
7, 13
Suppose 16968*p - 16974*p = -8442. List the prime factors of p.
3, 7, 67
Suppose 0*y = -7*y + 518. Let r = -244 + y. What are the prime factors of (-18)/15*r/3?
2, 17
Suppose -26 = -5*s - 1. Let k(z) = z**3 - 7*z**2 + z. Let r be k(s). Let f = -20 - r. List the prime factors of f.
5
Suppose -h = -z - 4*z - 71, 0 = 5*h - 2*z - 332. Let l = h + 79. Suppose -183 = -2*x + l. List the prime factors of x.
2, 41
Suppose 24*v - 3*d = 22*v + 764, -d - 768 = -2*v. List the prime factors of v.
5, 7, 11
Let f(p) = 143*p. Let a be f(3). Suppose 3*o = 2*y + 434, 0 = 2*o + o + 3*y - a. Let u = o + -62. List the prime factors of u.
2, 41
Let g(c) = -61 - 11*c - 11*c - 8*c + 6 + 191*c**2. List the prime factors of g(-2).
769
Suppose g - 4104 = -3*k, -13*k - 17*g = -19*g - 17803. What are the prime factors of k?
37
Suppose -5*i + 40 + 29 = 4*q, -3*i = -4*q - 35. Suppose 9*o - 3835 = -50*o. Let p = o - i. List the prime factors of p.
2, 13
Suppose -567*g = -583*g + 6800. Let z = g + 969. List the prime factors of z.
2, 17, 41
Let d(z) = z + 22. Let x be d(-8). Suppose 11*j - x*j - 159 = 0. Let f = j - -92. What are the prime factors of f?
3, 13
Suppose 5*l - 100 = -5*d, 5*l = 7*d - 4*d + 92. Suppose -3*o - 9 = -18. List the prime factors of (o + (-6)/(-2))*l.
2, 3, 19
Let c(z) = z**3 + 4*z**2 - 5*z - 6. Suppose -5*d = -3*s - 2*s + 315, 5*d = -2*s - 343. Let t = -70 - d. List the prime factors of c(t).
2, 3
Let z(r) = 3*r**3 - 7*r**2 - 5*r - 1. Let a be (-102)/(-14) + (-1)/(7/2). Let b be z(a). Suppose -b = -8*s + 150. List the prime factors of s.
2, 5
What are the prime factors of 10 + 13/((-130)/(-44930))?
3, 19, 79
Suppose -12 + 4 = -4*u. Suppose 0 = -4*x - 5*p + 2187 + 551, -u*p + 3431 = 5*x. List the prime factors of x.
3, 229
What are the prime factors o